a multiple of 8?
False
Suppose 0 = -4*n + 2*n - x + 30, 2 = x. Is n a multiple of 14?
True
Let m = -128 + 40. Let q = m + 113. Does 17 divide q?
False
Let q = -11 + 13. Suppose -q*c + 3*c - 84 = 0. Does 12 divide c?
True
Suppose u - 3*u + 242 = -2*l, 3*l + 3 = 0. Let r = 222 - u. Suppose -s = 2*s - r. Is 6 a factor of s?
False
Suppose -19 = -3*j + y, -4*j - y + 17 = -4*y. Is (-3)/j - 230/(-16) a multiple of 5?
False
Let m(p) = p**3 - 2*p**2 + p - 1. Let h be m(3). Let x = h + -55. Let j = -4 - x. Is j a multiple of 11?
False
Suppose -3*n + 6 = -2*b + 5*b, 16 = 2*n - 2*b. Suppose c + 16 = n*c. Suppose -c*l - 2*m - m + 22 = 0, 0 = l - m - 9. Is 2 a factor of l?
False
Let l be -6 + (-5)/((-20)/12). Let u be l/12 + 36/16. Let h = u + 28. Is h a multiple of 10?
True
Let k(i) = -4*i**3 + i + 1. Let b be k(-1). Suppose b*x = y - 3*y + 146, -26 = -x + 3*y. Is 35 a factor of x?
True
Suppose -5*i - 929 = -u, 926 = u + 2*i - 4*i. Suppose 6*y = -5*y + u. Does 28 divide y?
True
Suppose -5*g + 15 + 0 = 0. Let h(x) = x**2 + 5*x + 7. Let v be h(-4). Suppose 0 = -g*i - 4*l - l + 40, -v*i + 30 = 3*l. Is i a multiple of 3?
False
Suppose -5*d = 61*d - 215820. Is d a multiple of 27?
False
Suppose 0 = 15*p + 4827 - 12372. Is 60 a factor of p?
False
Does 8 divide (330/75 - 4) + (-1113)/(-5)?
False
Suppose 17 = 11*c - 192. Let a = 86 + -39. Suppose -2*y = -c - a. Is 15 a factor of y?
False
Let y(b) = b**2 + 8*b - 17. Let f be y(-14). Let n = 46 + f. Is 21 a factor of n?
False
Suppose 0 = -x + 4*r + 29, -2*x + 2*r = 2*x - 60. Suppose -x = 3*n - 145. Let s = n - 28. Is s a multiple of 8?
True
Suppose -4*b + x + 13 = 0, 4*b + 4*x - 12 = -4. Is (-10 - -16)/(b/8) a multiple of 3?
False
Let f(r) = r**2 + 8*r - 40. Let w(b) = b**3 - 14*b**2 + 11*b + 13. Let o be w(13). Is 25 a factor of f(o)?
True
Let x(a) = 4*a + 145. Is x(-6) a multiple of 17?
False
Suppose 5752 = 19*c - 936. Does 11 divide c?
True
Let l(v) = 2*v + 2*v**2 - v**3 - 1 + 2 + 2. Let s be l(4). Does 3 divide 14/6 - 14/s?
True
Let z = 359 - 179. Does 31 divide z/2 + 3/1?
True
Let f = 674 + -643. Is 31 a factor of f?
True
Let n be 1 - 5/(15/(-9)). Suppose -2*q + 5*z = -n*q + 25, q + 5*z - 20 = 0. Suppose 3*l + 2 - 64 = -4*h, q*l + h = 75. Is 11 a factor of l?
False
Let r(i) = 2*i**3 - 4*i**2 + i + 4. Let v be r(2). Let w be v/2 - 14/2. Let b = w - -10. Does 2 divide b?
True
Suppose -3*x - 2867 = -2*o, -o + 5*o = 5*x + 5737. Is 11 a factor of o?
False
Does 28 divide (21 + 21/(-3))/(3/48)?
True
Let o be 4/(7 - 3) + 1. Suppose -d + 382 - 151 = 0. Suppose -j + d = o*j. Is 21 a factor of j?
False
Let i(n) = n - 6. Let q be i(12). Let z(w) = w + 6. Let a be z(q). Suppose -a*l + 40 = -8*l. Does 2 divide l?
True
Is ((-465)/25)/(23/(-2185)) a multiple of 57?
True
Suppose -3*l = -6, -19*l = -w - 24*l + 35. Let z(v) = v**3 - 4*v**2 - 4*v - 4. Let u be z(5). Suppose u - w = -3*a. Is a a multiple of 3?
False
Let l(r) = r. Let y be l(7). Let h be -25*y/(35/(-3)). Suppose -3*a + 18 = -h. Does 10 divide a?
False
Does 6 divide ((-28)/6)/((-28)/9 - -3)?
True
Let i(b) = -b**3. Let k be i(0). Suppose k = -3*v - v + 16. Suppose 3*x - 9 = 0, -6*n = -2*n + v*x - 44. Is n a multiple of 4?
True
Is 8 a factor of (((-21528)/(-23))/(-13))/((-6)/44)?
True
Suppose -8*x = -7236 - 6156. Does 49 divide x?
False
Let s = 45 + -41. Let p = s - -15. Does 8 divide p?
False
Suppose 0*d + 2*z = 3*d - 1055, 0 = 4*d + 3*z - 1384. Let q = -239 + d. Is q a multiple of 17?
False
Suppose -5*b - 13 - 67 = 0. Let h = -14 - b. Does 11 divide ((-77)/21)/(h/(-24))?
True
Suppose 6 = 17*f - 12*f + 2*k, -2*f - 4*k = 4. Suppose -f*s + 500 = 2*b, 4*b + 230 = -0*s + s. Is s a multiple of 19?
False
Let m be 4 + 9/(-3) - -5. Suppose -v - 4*z - 3 = m, -3*v - 4*z = -5. Is 4 a factor of v?
False
Let f be 71 + 2 + 15/5. Let r = f + -36. Suppose 4*h - r = -2*y, -2*y - h + 28 = -0*y. Is y a multiple of 9?
False
Suppose 4*h + 20 = 0, -u - 4*h = -4*u + 59. Let j = u + 32. Does 9 divide j?
True
Suppose 0 = 5*g - 15, m = 6*g - 3*g + 1903. Suppose -m + 352 = -10*s. Is 15 a factor of s?
False
Let o(r) be the first derivative of -r**4/4 - 10*r**3/3 - 3*r**2/2 - 5*r + 8. Does 4 divide o(-10)?
False
Let u = 6 - 25. Let i = u - -3. Let r = i - -31. Is 9 a factor of r?
False
Suppose -l - 4*w + 80 = -70, -4*w - 190 = -l. Is l a multiple of 10?
True
Suppose -3*o + 9 = -15. Let f = o + -3. Suppose -105 = -f*v - 5. Does 6 divide v?
False
Suppose 0 = 5*l - 10 - 0. Let g be 184/40 + 2/5. Suppose -h + 49 = g*u, -l*h - 5*u = -3*h + 49. Does 13 divide h?
False
Let f = 32 + -28. Suppose -f = -l, u - l = -u + 92. Does 16 divide u?
True
Let i be -6 - -5 - (-4)/(-2). Let f(s) = -2*s**2 + 2*s + 7. Let u be f(i). Let l = u - -27. Does 9 divide l?
False
Suppose v + a = 40 + 31, 3*v = -5*a + 211. Is 12 a factor of v?
True
Suppose 0 = -t - 2*d + 79 + 66, -4*t = -3*d - 558. Does 25 divide t?
False
Let d = 5364 - 3809. Does 18 divide d?
False
Let g(f) = -32*f - 2. Let y be (-13)/3 - 10/15. Is g(y) a multiple of 34?
False
Let t(x) = 4*x**2 + 25*x + 171. Does 19 divide t(-11)?
True
Let g(z) = 36*z**2 + 2*z + 1. Let n be g(-1). Let a be 1124/7 + (-20)/n. Suppose -4*u - u = -a. Is 16 a factor of u?
True
Let v = 392 + -151. Is 13 a factor of v?
False
Suppose -4*q - q = -35. Suppose -5*g + 8 + 2 = 0. Suppose -4*t = -5*y + 29, g*t = 3*y - q*y + 18. Is y a multiple of 2?
False
Suppose -4*v + 2553 = a, -4*v + 9*a - 11*a = -2550. Does 17 divide v?
False
Suppose -3*v + 16 = 1, -3*s - 3*v = -120. Is s a multiple of 12?
False
Suppose 12780 = 3*q + 10620. Does 30 divide q?
True
Let a = -6 - -12. Suppose -v + a = 2*v. Suppose 0*q + 56 = v*q. Is q a multiple of 21?
False
Suppose 27 = 3*u + k, u + 3*u - 36 = 5*k. Is 12 a factor of 18/(-27) - (-141)/u?
False
Suppose -4*m + 2*w + 0*w = -56, -m + 14 = -5*w. Let g = m + -8. Is 10 a factor of 178/g + 1/3?
True
Suppose -3*i + 15 - 3 = 0. Suppose i*z = -2*w + 12 + 44, -5*z = 0. Is 3 a factor of w?
False
Let a(c) = 4*c**2 + 13*c - 114. Is a(-21) a multiple of 17?
True
Let j(t) = 6*t + 10. Let x be j(-10). Is (48/(-10))/(10/x) a multiple of 3?
True
Suppose 2*y - 10 = 0, 3*y = 3*h + 1 + 5. Suppose 4*v + h*p - 12 = 23, -4*p = -2*v + 12. Suppose -3*t = -4*t + 3*f + 16, 0 = -5*t - 3*f + v. Is 3 a factor of t?
False
Suppose 24*c + 3977 - 22409 = 0. Is c a multiple of 15?
False
Let u = 8 - 1. Suppose q - 5*q + b + u = 0, -7 = -5*q + 3*b. Suppose 36 = 4*a - q*h, a - 12 = -0*a + 2*h. Is a a multiple of 8?
True
Let x(n) = n**2 + 4*n - 8. Suppose -4*h + 10 = 4*l - 2, h - l - 5 = 0. Let r = 10 - h. Is 13 a factor of x(r)?
True
Let u(c) = c - 34. Let k be u(-13). Let n = 93 - k. Is 12 a factor of n?
False
Let a(k) = -k**2 - 8*k + 19. Let f be a(-9). Is (-2)/f + ((-2538)/(-5))/3 a multiple of 13?
True
Suppose 0 = c - 2 + 9. Let b = c + 44. Suppose -4*m = -5*z - b, 3*m - z - 31 + 6 = 0. Is m a multiple of 4?
True
Is ((-246)/(-24) - -3)*20 a multiple of 23?
False
Suppose 5*i + 4*j = 69 - 12, -4*i - 2*j + 42 = 0. Is (7 - (-4 + 4))*i*1 a multiple of 63?
True
Let j(w) = -w**2 + 4*w + 2. Let b be j(4). Suppose 4*a - b = 18. Suppose a*i - 20 = 3*i. Is 3 a factor of i?
False
Let a = 60 + -42. Let i be 6/(-27) - (-94)/a. Suppose -i*m + 12 + 48 = 0. Is m a multiple of 6?
True
Let h(k) = 321*k**3 + k**2 - 2*k + 2. Is h(1) a multiple of 23?
True
Let z(d) = 13*d - 7. Let n be z(-3). Let x = -34 - -10. Let t = x - n. Is t a multiple of 6?
False
Suppose 0 = -5*y + 4*g + 2755, 0 = 12*g - 7*g. Is y a multiple of 19?
True
Let y(q) be the first derivative of 13*q**4/4 - q - 1. Let f be y(1). Suppose -17*h + f*h = -115. Is h a multiple of 5?
False
Let x(a) = -a**3 - 8*a**2 + a + 2. Let h be x(-8). Let g be 1/h - 8865/(-54). Suppose -5*m + 2*m - 2*d = -g, -162 = -3*m - 3*d. Is m a multiple of 17?
False
Let w(x) = 4*x + 70. Does 2 divide w(14)?
True
Suppose -3*w + 1 = 5*h, 3*w + 3*h = -0*w + 3. Suppose w*m + 207 = f, 5*f = -m - 560 + 1551. Is 42 a factor of f?
False
Suppose 2*f - 5*s + 13 = 0, -3*f = 2*s + 12 + 36. Does 46 divide 1796/28 + 2/f?
False
Let n(b) = 163*b - 1. Let y(q) = 81*q - 1. Let a(h) = 6*n(h) - 13*y(h). Is 37 a factor of a(-3)?
False
Suppose -5*c + 45 = -0*c. Suppose 62 = -c*q + 10*q. Does 10 divide q?
False
Let m be (-5)/(7/3 + -4). Suppose 4*z - 74 = -m*x, -73 = -4*z + 2*x + 11. Is 5 a facto